{"id":393,"date":"2015-06-27T16:11:48","date_gmt":"2015-06-27T13:11:48","guid":{"rendered":"http:\/\/localhost\/wp\/?page_id=393"},"modified":"2024-09-18T10:26:58","modified_gmt":"2024-09-18T07:26:58","slug":"uritused","status":"publish","type":"page","link":"https:\/\/rebalatallid.com\/?page_id=393&lang=et","title":{"rendered":"\u00dcritused"},"content":{"rendered":"<p>Meie tallides on v\u00f5imalik korraldada mitmeid \u00fcritusi ja pakette erinavatele vanuser\u00fchmadele, mis sobivad peredele, seltskondadele, asutustele\u00a0 ning eraldi lastele!<\/p>\n<p>Vaata infot men\u00fc\u00fcst.<\/p>\n","protected":false},"excerpt":{"rendered":"<p>Meie tallides on v\u00f5imalik korraldada mitmeid \u00fcritusi ja pakette erinavatele vanuser\u00fchmadele, mis sobivad peredele, seltskondadele, asutustele\u00a0 ning eraldi lastele! Vaata infot men\u00fc\u00fcst.<\/p>\n","protected":false},"author":1,"featured_media":0,"parent":10,"menu_order":1,"comment_status":"closed","ping_status":"closed","template":"","meta":{"footnotes":""},"class_list":["post-393","page","type-page","status-publish","hentry","exalt-entry"],"_links":{"self":[{"href":"https:\/\/rebalatallid.com\/index.php?rest_route=\/wp\/v2\/pages\/393"}],"collection":[{"href":"https:\/\/rebalatallid.com\/index.php?rest_route=\/wp\/v2\/pages"}],"about":[{"href":"https:\/\/rebalatallid.com\/index.php?rest_route=\/wp\/v2\/types\/page"}],"author":[{"embeddable":true,"href":"https:\/\/rebalatallid.com\/index.php?rest_route=\/wp\/v2\/users\/1"}],"replies":[{"embeddable":true,"href":"https:\/\/rebalatallid.com\/index.php?rest_route=%2Fwp%2Fv2%2Fcomments&post=393"}],"version-history":[{"count":6,"href":"https:\/\/rebalatallid.com\/index.php?rest_route=\/wp\/v2\/pages\/393\/revisions"}],"predecessor-version":[{"id":7900,"href":"https:\/\/rebalatallid.com\/index.php?rest_route=\/wp\/v2\/pages\/393\/revisions\/7900"}],"up":[{"embeddable":true,"href":"https:\/\/rebalatallid.com\/index.php?rest_route=\/wp\/v2\/pages\/10"}],"wp:attachment":[{"href":"https:\/\/rebalatallid.com\/index.php?rest_route=%2Fwp%2Fv2%2Fmedia&parent=393"}],"curies":[{"name":"wp","href":"https:\/\/api.w.org\/{rel}","templated":true}]}}