{"id":585,"date":"2015-06-30T18:36:45","date_gmt":"2015-06-30T15:36:45","guid":{"rendered":"http:\/\/localhost\/wp\/?page_id=585"},"modified":"2026-03-16T12:49:34","modified_gmt":"2026-03-16T09:49:34","slug":"potipollumehele","status":"publish","type":"page","link":"https:\/\/rebalatallid.com\/?page_id=585&lang=et","title":{"rendered":"Potip\u00f5llumehele"},"content":{"rendered":"\t\t<div data-elementor-type=\"wp-page\" data-elementor-id=\"585\" class=\"elementor elementor-585\">\n\t\t\t\t<div class=\"elementor-element elementor-element-62eeb640 e-con-full e-flex e-con e-parent\" data-id=\"62eeb640\" data-element_type=\"container\" data-e-type=\"container\">\n\t\t\t\t<div class=\"elementor-element elementor-element-aeda8e4 elementor-widget elementor-widget-text-editor\" data-id=\"aeda8e4\" data-element_type=\"widget\" data-e-type=\"widget\" data-widget_type=\"text-editor.default\">\n\t\t\t\t<div class=\"elementor-widget-container\">\n\t\t\t\t\t\t\t\t\t<p>Komposteeritud hobuses\u00f5nnik\u00a0parim v\u00e4etis, mis sa saad pakkuda oma taimedele!<br \/>S\u00f5nnik on taimedele sama vajalik kui leib inimesele.<\/p><p>S\u00f5nniku hind koos kohaleveoga s\u00f5ltub teie asukohast. V\u00f5tke meiega \u00fchendust ja k\u00fcsige pakkumist!<br \/>Palun helista tel 56212361 Dima tellimuste ja k\u00fcsimuste osas, nii saab k\u00f5ige kiiremini.<\/p><p>Hobuses\u00f5nnik \u00fcks \u00fctlemata kasulik p\u00f5lluramm <span style=\"background-color: var(--exalt-color-body-background); color: var(--exalt-color-text-main); font-family: var(--exalt-font-family-body); font-size: 1rem;\">peenramaav\u00e4etis.<br \/><\/span><span style=\"background-color: var(--exalt-color-body-background); color: var(--exalt-color-text-main); font-family: var(--exalt-font-family-body); font-size: 1rem;\">Kui sa tahad oma taimi v\u00e4etada looduss\u00f5bralikul ja aastasadade v\u00e4ltel traditsiooniliseks saanud viisil, siis on raske leida paremat valikut kui hobuses\u00f5nnik.<\/span><\/p><p>Hobuses\u00f5nnik on t\u00e4htsate makroelementide allikaks (l\u00e4mmastik, fosfor ja kaalium), parandab mulla f\u00fc\u00fcsikalist struktuuri ja \u00f5hustatust, on pinnase orgaaniliseks reserviks, t\u00f5stab vee infiltratsiooni taset ning veemahutavust, k\u00e4itub pH puhvrina, v\u00e4hendab soolade taset.<\/p><ul class=\"wp-block-list\"><li>Tule ise j\u00e4rele \u2013 koti hind 6 \u20ac\/=120 L.<\/li><li>Tule j\u00e4relek\u00e4ruga, t\u00f5stame k\u00e4russee kopaga, hind 10 \u20ac kopat\u00e4is.<\/li><li>Tule j\u00e4rgi veoautoga, hind 25 \u20ac m\u00b3.<\/li><li>S\u00f5nnikut saab tellida nii lahtise koormana. Omame v\u00e4ikest kallurautot, millega saate tellida komposti lahtise koormana, korraga mahutab tellimus on 1,5 m\u00b3.\u00a0<\/li><\/ul><p>Artur Viksi 1985. a. ilmunud raamatust \u201eAiandus v\u00e4ikeaedades\u201d. <br \/>Tabelis on taimetoitainete keskmine sisaldus protsentides [%].<\/p><table><tbody><tr><td>\u00a0<\/td><td>N<\/td><td>P<sub>2<\/sub>O<sub>5<\/sub><\/td><td>K<sub>2<\/sub>O<\/td><td>CaO<\/td><td>MgO<\/td><\/tr><tr><td>Hobuses\u00f5nnik<\/td><td>0,58<\/td><td>0,28<\/td><td>0,63<\/td><td>0,21<\/td><td>0,14<\/td><\/tr><tr><td>Veises\u00f5nnik<\/td><td>0,45<\/td><td>0,23<\/td><td>0,50<\/td><td>0,40<\/td><td>0,11<\/td><\/tr><tr><td>Seas\u00f5nnik<\/td><td>0,45<\/td><td>0,19<\/td><td>0,60<\/td><td>0,18<\/td><td>0,09<\/td><\/tr><tr><td>Lamba- ja kitses\u00f5nnik<\/td><td>0,83<\/td><td>0,23<\/td><td>0,67<\/td><td>0,33<\/td><td>0,18<\/td><\/tr><tr><td>Kanas\u00f5nnik<\/td><td>1,63<\/td><td>1,54<\/td><td>0,85<\/td><td>2,40<\/td><td>0,74<\/td><\/tr><\/tbody><\/table>\t\t\t\t\t\t\t\t<\/div>\n\t\t\t\t<\/div>\n\t\t\t\t<\/div>\n\t\t<div class=\"elementor-element elementor-element-e1c7a24 e-grid e-con-boxed e-con e-parent\" data-id=\"e1c7a24\" data-element_type=\"container\" data-e-type=\"container\">\n\t\t\t\t\t<div class=\"e-con-inner\">\n\t\t\t\t<div class=\"elementor-element elementor-element-f77f939 elementor-widget elementor-widget-image\" data-id=\"f77f939\" data-element_type=\"widget\" data-e-type=\"widget\" data-widget_type=\"image.default\">\n\t\t\t\t<div class=\"elementor-widget-container\">\n\t\t\t\t\t\t\t\t\t\t\t\t\t\t\t\t<a href=\"https:\/\/rebalatallid.com\/wp-content\/uploads\/2025\/03\/sonnik1.jpg\" data-elementor-open-lightbox=\"yes\" data-elementor-lightbox-title=\"sonnik1\" data-e-action-hash=\"#elementor-action%3Aaction%3Dlightbox%26settings%3DeyJpZCI6MTA5MDMsInVybCI6Imh0dHBzOlwvXC9yZWJhbGF0YWxsaWQuY29tXC93cC1jb250ZW50XC91cGxvYWRzXC8yMDI1XC8wM1wvc29ubmlrMS5qcGcifQ%3D%3D\">\n\t\t\t\t\t\t\t<img fetchpriority=\"high\" decoding=\"async\" width=\"900\" height=\"675\" src=\"https:\/\/rebalatallid.com\/wp-content\/uploads\/2025\/03\/sonnik1-1024x768.jpg\" class=\"attachment-large size-large wp-image-10903\" alt=\"\" srcset=\"https:\/\/rebalatallid.com\/wp-content\/uploads\/2025\/03\/sonnik1-1024x768.jpg 1024w, https:\/\/rebalatallid.com\/wp-content\/uploads\/2025\/03\/sonnik1-300x225.jpg 300w, https:\/\/rebalatallid.com\/wp-content\/uploads\/2025\/03\/sonnik1-768x576.jpg 768w, https:\/\/rebalatallid.com\/wp-content\/uploads\/2025\/03\/sonnik1.jpg 1280w\" sizes=\"(max-width: 900px) 100vw, 900px\" \/>\t\t\t\t\t\t\t\t<\/a>\n\t\t\t\t\t\t\t\t\t\t\t\t\t\t\t<\/div>\n\t\t\t\t<\/div>\n\t\t\t\t<div class=\"elementor-element elementor-element-a3e2b87 elementor-widget elementor-widget-image\" data-id=\"a3e2b87\" data-element_type=\"widget\" data-e-type=\"widget\" data-widget_type=\"image.default\">\n\t\t\t\t<div class=\"elementor-widget-container\">\n\t\t\t\t\t\t\t\t\t\t\t\t\t\t\t\t<a href=\"https:\/\/rebalatallid.com\/wp-content\/uploads\/2025\/03\/sonnik.jpg\" data-elementor-open-lightbox=\"yes\" data-elementor-lightbox-title=\"sonnik\" data-e-action-hash=\"#elementor-action%3Aaction%3Dlightbox%26settings%3DeyJpZCI6MTA5MDIsInVybCI6Imh0dHBzOlwvXC9yZWJhbGF0YWxsaWQuY29tXC93cC1jb250ZW50XC91cGxvYWRzXC8yMDI1XC8wM1wvc29ubmlrLmpwZyJ9\">\n\t\t\t\t\t\t\t<img decoding=\"async\" width=\"822\" height=\"540\" src=\"https:\/\/rebalatallid.com\/wp-content\/uploads\/2025\/03\/sonnik.jpg\" class=\"attachment-large size-large wp-image-10902\" alt=\"\" srcset=\"https:\/\/rebalatallid.com\/wp-content\/uploads\/2025\/03\/sonnik.jpg 822w, https:\/\/rebalatallid.com\/wp-content\/uploads\/2025\/03\/sonnik-300x197.jpg 300w, https:\/\/rebalatallid.com\/wp-content\/uploads\/2025\/03\/sonnik-768x505.jpg 768w\" sizes=\"(max-width: 822px) 100vw, 822px\" \/>\t\t\t\t\t\t\t\t<\/a>\n\t\t\t\t\t\t\t\t\t\t\t\t\t\t\t<\/div>\n\t\t\t\t<\/div>\n\t\t\t\t\t<\/div>\n\t\t\t\t<\/div>\n\t\t\t\t<\/div>\n\t\t","protected":false},"excerpt":{"rendered":"<p>Komposteeritud hobuses\u00f5nnik\u00a0parim v\u00e4etis, mis sa saad pakkuda oma taimedele!S\u00f5nnik on taimedele sama vajalik kui leib inimesele. S\u00f5nniku hind koos kohaleveoga s\u00f5ltub teie asukohast. V\u00f5tke meiega \u00fchendust ja k\u00fcsige pakkumist!Palun helista tel 56212361 Dima tellimuste ja &hellip; <a title=\"Potip\u00f5llumehele\" class=\"exalt-read-more\" href=\"https:\/\/rebalatallid.com\/?page_id=585&#038;lang=et\"><span class=\"screen-reader-text\">Potip\u00f5llumehele<\/span>Read more<\/a><\/p>\n","protected":false},"author":1,"featured_media":0,"parent":0,"menu_order":12,"comment_status":"closed","ping_status":"closed","template":"","meta":{"footnotes":""},"class_list":["post-585","page","type-page","status-publish","hentry","exalt-entry"],"_links":{"self":[{"href":"https:\/\/rebalatallid.com\/index.php?rest_route=\/wp\/v2\/pages\/585"}],"collection":[{"href":"https:\/\/rebalatallid.com\/index.php?rest_route=\/wp\/v2\/pages"}],"about":[{"href":"https:\/\/rebalatallid.com\/index.php?rest_route=\/wp\/v2\/types\/page"}],"author":[{"embeddable":true,"href":"https:\/\/rebalatallid.com\/index.php?rest_route=\/wp\/v2\/users\/1"}],"replies":[{"embeddable":true,"href":"https:\/\/rebalatallid.com\/index.php?rest_route=%2Fwp%2Fv2%2Fcomments&post=585"}],"version-history":[{"count":82,"href":"https:\/\/rebalatallid.com\/index.php?rest_route=\/wp\/v2\/pages\/585\/revisions"}],"predecessor-version":[{"id":12827,"href":"https:\/\/rebalatallid.com\/index.php?rest_route=\/wp\/v2\/pages\/585\/revisions\/12827"}],"wp:attachment":[{"href":"https:\/\/rebalatallid.com\/index.php?rest_route=%2Fwp%2Fv2%2Fmedia&parent=585"}],"curies":[{"name":"wp","href":"https:\/\/api.w.org\/{rel}","templated":true}]}}