{"id":7881,"date":"2024-09-18T09:32:23","date_gmt":"2024-09-18T06:32:23","guid":{"rendered":"https:\/\/rebalatallid.com\/?page_id=7881"},"modified":"2024-09-18T09:36:27","modified_gmt":"2024-09-18T06:36:27","slug":"yhteystiedot-2","status":"publish","type":"page","link":"https:\/\/rebalatallid.com\/?page_id=7881&lang=fi","title":{"rendered":"Yhteystiedot"},"content":{"rendered":"\t\t<div data-elementor-type=\"wp-page\" data-elementor-id=\"7881\" class=\"elementor elementor-7881\">\n\t\t\t\t<div class=\"elementor-element elementor-element-7fb3a115 e-flex e-con-boxed e-con e-parent\" data-id=\"7fb3a115\" data-element_type=\"container\" data-e-type=\"container\">\n\t\t\t\t\t<div class=\"e-con-inner\">\n\t\t\t\t<div class=\"elementor-element elementor-element-7f76532 elementor-widget elementor-widget-text-editor\" data-id=\"7f76532\" data-element_type=\"widget\" data-e-type=\"widget\" data-widget_type=\"text-editor.default\">\n\t\t\t\t<div class=\"elementor-widget-container\">\n\t\t\t\t\t\t\t\t\t<p><strong>Rebalan tallit<\/strong><br \/>Rebalan kyl\u00e4 <br \/>J\u00f5el\u00e4htmen kunta <br \/>Harjumaa <br \/>Viro <br \/>74222<\/p><p>Lis\u00e4tietoja saat soittamalla: +372 5297760 <br \/>Yhteyshenkil\u00f6: Julia Katok, tavoitettavissa arkisin klo 10.00\u201321.00.<\/p><p>Tallit ja sen alueet ovat avoinna vierailuille VAIN ENNAKKOVARAUKSELLA: info@rebalatallid.com <br \/>Aukioloajat: klo 10.00\u201321.00.<\/p><p>KAIKKI PALVELUT (RATSASTUSTUNNIT, KIERROKSET, MATKAILUPALVELUT YM.) VAIN ENNAKKOVARAUKSELLA! <br \/>Palvelujen varaukset tehd\u00e4\u00e4n VAIN s\u00e4hk\u00f6postitse.<\/p><p><strong>Yhteystiedot<\/strong><br \/>S\u00e4hk\u00f6posti: info@rebalatallid.com <br \/>Facebook: Rebala Tallid Julia Katok <br \/>Maksutapa: K\u00e4teinen<\/p><p><strong>Kuinka l\u00f6yt\u00e4\u00e4 meid\u00e4t<\/strong><br \/>Kartta: <\/p><p><strong>How to find us<\/strong>:<br \/>Map:<br \/><a href=\"https:\/\/moovitapp.com\/index\/et\/%C3%BChistransport-Rebala_Tallid-Estonia-site_31928441-1673\" target=\"_new\" rel=\"noopener\">Moovit Directions<\/a><\/p><p><a href=\"https:\/\/rebalatallid.com\/wp-content\/uploads\/2015\/06\/rebala_tallid1.png\"><img decoding=\"async\" class=\"alignnone size-medium wp-image-1274\" src=\"https:\/\/rebalatallid.com\/wp-content\/uploads\/2015\/06\/rebala_tallid1-300x164.png\" alt=\"\" width=\"300\" height=\"164\" srcset=\"https:\/\/rebalatallid.com\/wp-content\/uploads\/2015\/06\/rebala_tallid1-300x164.png 300w, https:\/\/rebalatallid.com\/wp-content\/uploads\/2015\/06\/rebala_tallid1-1024x560.png 1024w, https:\/\/rebalatallid.com\/wp-content\/uploads\/2015\/06\/rebala_tallid1.png 1152w\" sizes=\"(max-width: 300px) 100vw, 300px\" \/><\/a> <a href=\"https:\/\/rebalatallid.com\/wp-content\/uploads\/2015\/06\/from_tallinn1.png\"><img decoding=\"async\" class=\"alignnone size-medium wp-image-1273\" src=\"https:\/\/rebalatallid.com\/wp-content\/uploads\/2015\/06\/from_tallinn1-300x164.png\" alt=\"\" width=\"300\" height=\"164\" srcset=\"https:\/\/rebalatallid.com\/wp-content\/uploads\/2015\/06\/from_tallinn1-300x164.png 300w, https:\/\/rebalatallid.com\/wp-content\/uploads\/2015\/06\/from_tallinn1-1024x560.png 1024w, https:\/\/rebalatallid.com\/wp-content\/uploads\/2015\/06\/from_tallinn1.png 1152w\" sizes=\"(max-width: 300px) 100vw, 300px\" \/><\/a><\/p><p>https:\/\/moovitapp.com\/index\/et\/%C3%BChistransport-Rebala_Tallid-Estonia-site_31928441-1673<\/p>\t\t\t\t\t\t\t\t<\/div>\n\t\t\t\t<\/div>\n\t\t\t\t\t<\/div>\n\t\t\t\t<\/div>\n\t\t\t\t<\/div>\n\t\t","protected":false},"excerpt":{"rendered":"<p>Rebalan tallitRebalan kyl\u00e4 J\u00f5el\u00e4htmen kunta Harjumaa Viro 74222 Lis\u00e4tietoja saat soittamalla: +372 5297760 Yhteyshenkil\u00f6: Julia Katok, tavoitettavissa arkisin klo 10.00\u201321.00. Tallit ja sen alueet ovat avoinna vierailuille VAIN ENNAKKOVARAUKSELLA: info@rebalatallid.com Aukioloajat: klo 10.00\u201321.00. KAIKKI PALVELUT &hellip; <a title=\"Yhteystiedot\" class=\"exalt-read-more\" href=\"https:\/\/rebalatallid.com\/?page_id=7881&#038;lang=fi\"><span class=\"screen-reader-text\">Yhteystiedot<\/span>Read more<\/a><\/p>\n","protected":false},"author":1,"featured_media":0,"parent":0,"menu_order":12,"comment_status":"open","ping_status":"open","template":"","meta":{"footnotes":""},"class_list":["post-7881","page","type-page","status-publish","hentry","exalt-entry"],"_links":{"self":[{"href":"https:\/\/rebalatallid.com\/index.php?rest_route=\/wp\/v2\/pages\/7881"}],"collection":[{"href":"https:\/\/rebalatallid.com\/index.php?rest_route=\/wp\/v2\/pages"}],"about":[{"href":"https:\/\/rebalatallid.com\/index.php?rest_route=\/wp\/v2\/types\/page"}],"author":[{"embeddable":true,"href":"https:\/\/rebalatallid.com\/index.php?rest_route=\/wp\/v2\/users\/1"}],"replies":[{"embeddable":true,"href":"https:\/\/rebalatallid.com\/index.php?rest_route=%2Fwp%2Fv2%2Fcomments&post=7881"}],"version-history":[{"count":8,"href":"https:\/\/rebalatallid.com\/index.php?rest_route=\/wp\/v2\/pages\/7881\/revisions"}],"predecessor-version":[{"id":7893,"href":"https:\/\/rebalatallid.com\/index.php?rest_route=\/wp\/v2\/pages\/7881\/revisions\/7893"}],"wp:attachment":[{"href":"https:\/\/rebalatallid.com\/index.php?rest_route=%2Fwp%2Fv2%2Fmedia&parent=7881"}],"curies":[{"name":"wp","href":"https:\/\/api.w.org\/{rel}","templated":true}]}}