{"id":8200,"date":"2024-09-19T14:49:04","date_gmt":"2024-09-19T11:49:04","guid":{"rendered":"https:\/\/rebalatallid.com\/?page_id=8200"},"modified":"2025-03-28T15:37:59","modified_gmt":"2025-03-28T12:37:59","slug":"hinnakiri-a","status":"publish","type":"page","link":"https:\/\/rebalatallid.com\/?page_id=8200&lang=et","title":{"rendered":"Hinnakiri"},"content":{"rendered":"\t\t<div data-elementor-type=\"wp-page\" data-elementor-id=\"8200\" class=\"elementor elementor-8200\">\n\t\t\t\t<div class=\"elementor-element elementor-element-5bae311d e-flex e-con-boxed e-con e-parent\" data-id=\"5bae311d\" data-element_type=\"container\" data-e-type=\"container\">\n\t\t\t\t\t<div class=\"e-con-inner\">\n\t\t\t\t<div class=\"elementor-element elementor-element-6e2d833e elementor-widget elementor-widget-text-editor\" data-id=\"6e2d833e\" data-element_type=\"widget\" data-e-type=\"widget\" data-widget_type=\"text-editor.default\">\n\t\t\t\t<div class=\"elementor-widget-container\">\n\t\t\t\t\t\t\t\t\t\n<p><span style=\"color: #000000;\"><strong>REBALA TALLIDE HINNAKIRI<br \/>Kehtib alates 1.08.2024<\/strong><\/span><\/p>\n<p><span style=\"color: #000000;\"><\/span><\/p>\n<figure class=\"wp-block-image size-full is-resized\"><span style=\"color: #000000;\"><a style=\"color: #000000;\" href=\"https:\/\/rebalatallid.com\/wp-content\/uploads\/2022\/01\/cropped-logorebala.png\"><img fetchpriority=\"high\" decoding=\"async\" width=\"512\" height=\"512\" class=\"wp-image-8574\" style=\"width: 291px; height: auto;\" src=\"https:\/\/rebalatallid.com\/wp-content\/uploads\/2022\/01\/cropped-logorebala.png\" alt=\"\" srcset=\"https:\/\/rebalatallid.com\/wp-content\/uploads\/2022\/01\/cropped-logorebala.png 512w, https:\/\/rebalatallid.com\/wp-content\/uploads\/2022\/01\/cropped-logorebala-300x300.png 300w, https:\/\/rebalatallid.com\/wp-content\/uploads\/2022\/01\/cropped-logorebala-150x150.png 150w, https:\/\/rebalatallid.com\/wp-content\/uploads\/2022\/01\/cropped-logorebala-270x270.png 270w, https:\/\/rebalatallid.com\/wp-content\/uploads\/2022\/01\/cropped-logorebala-192x192.png 192w, https:\/\/rebalatallid.com\/wp-content\/uploads\/2022\/01\/cropped-logorebala-180x180.png 180w, https:\/\/rebalatallid.com\/wp-content\/uploads\/2022\/01\/cropped-logorebala-32x32.png 32w\" sizes=\"(max-width: 512px) 100vw, 512px\" \/><\/a><\/span><\/figure>\n<p><span style=\"color: #000000;\"><\/span><\/p>\n<p><span style=\"color: #000000;\">Treeningu pikkus on \u00fcks akadeemiline tund (45 min) + 15 min hobuse puhastamine, saduldamine ning lisaks s\u00f5iduj\u00e4rgne hobuse hooldus + 15 min.<\/span><br \/><span style=\"color: #000000;\">Hobuse saduldamine ja\/v\u00f5i peale trenni lahti saduldamine 15 EUR<\/span><\/p>\n<p><span style=\"color: #000000;\"><\/span><\/p>\n<p><span style=\"color: #000000;\"><strong>Kuuaboniment kehtib 1 kuu alates\u00a0soetamise p\u00e4evast, osalemine grupitunnis.<\/strong><\/span><\/p>\n<p><span style=\"color: #000000;\"><\/span><\/p>\n<p><span style=\"color: #000000;\"><strong><u>T\u00c4ISKASVANUD<\/u><\/strong><\/span><br \/><span style=\"color: #000000;\">Osalemine grupitunnis alates 3 inimesest \u00a0 45 EUR<\/span><br \/><span style=\"color: #000000;\">H\u00fcppetrenn t\u00e4iskasvanutele\u00a0 \u00a0 \u00a0 \u00a0 \u00a0 \u00a0 \u00a0 \u00a0 \u00a0 \u00a0 \u00a0 \u00a0 \u00a0 \u00a055 EUR<\/span><br \/><span style=\"color: #000000;\">Kordetreening t\u00e4iskasvanutele\u00a0 \u00a0 \u00a0 \u00a0 \u00a0 \u00a0 \u00a0 \u00a0 \u00a0 \u00a0 \u00a0 \u00a060 EUR<\/span><br \/><br \/><span style=\"color: #000000;\"><strong><u>Ratsutamise kuuabonement t\u00e4iskasvanutele<\/u>\u00a0<\/strong><\/span><br \/><span style=\"color: #000000;\">2 korda n\u00e4dalas (8h kuus) 210 EUR<\/span><br \/><span style=\"color: #000000;\">2 korda n\u00e4dalas (8h kuus, 4 ratsastus-\/4 h\u00fcppetrenni) 230 EUR<\/span><br \/><span style=\"color: #000000;\">3 korda n\u00e4dalas (12h kuus) 310 EUR<\/span><br \/><span style=\"color: #000000;\">3 korda n\u00e4dalas (12h kuus, 6 ratsastus-\/6 h\u00fcppetrenni) 335 EUR<\/span><br \/><span style=\"color: #000000;\">4 korda n\u00e4dalas (16h kuus, 8 ratsastus) 385 EUR<\/span><br \/><span style=\"color: #000000;\">4 korda n\u00e4dalas (16h kuus, 8 ratsastus-\/8 h\u00fcppetrenni) 430 EUR<\/span><br \/><br \/><span style=\"color: #000000;\">Kordetrenn 1 kord n\u00e4dalas 200 EUR<\/span><br \/><span style=\"color: #000000;\">Kordetrenn 2 korda n\u00e4dalas (8h kuus) 360 EUR<\/span><\/p>\n<p><span style=\"color: #000000;\"><\/span><\/p>\n<figure class=\"wp-block-image size-full\"><span style=\"color: #000000;\"><a style=\"color: #000000;\" href=\"https:\/\/rebalatallid.com\/wp-content\/uploads\/2024\/09\/DSC_3619.jpg\"><img decoding=\"async\" width=\"704\" height=\"513\" class=\"wp-image-7755\" src=\"https:\/\/rebalatallid.com\/wp-content\/uploads\/2024\/09\/DSC_3619.jpg\" alt=\"\" srcset=\"https:\/\/rebalatallid.com\/wp-content\/uploads\/2024\/09\/DSC_3619.jpg 704w, https:\/\/rebalatallid.com\/wp-content\/uploads\/2024\/09\/DSC_3619-300x219.jpg 300w\" sizes=\"(max-width: 704px) 100vw, 704px\" \/><\/a><\/span><\/figure>\n<p><span style=\"color: #000000;\"><\/span><\/p>\n<p><span style=\"color: #000000;\"><strong><u>LAPSED<\/u><\/strong><strong>\u00a0(kuni 20-aastased k.a.)<\/strong><\/span><br \/><span style=\"color: #000000;\">Osalemine grupitunnis alates 3 inimestest\u00a0\u00a0 35 EUR<\/span><br \/><span style=\"color: #000000;\">H\u00fcppetrenn lastele\u00a0 \u00a0 \u00a0 \u00a0 \u00a0 \u00a0 \u00a0 \u00a0 \u00a0 \u00a0 \u00a0 \u00a0 \u00a0 \u00a0 \u00a0 \u00a0 \u00a0 \u00a0 \u00a0 \u00a0 \u00a0 \u00a0 45 EUR<\/span><br \/><span style=\"color: #000000;\">Kordetreening lastele\u00a0 \u00a0 \u00a0 \u00a0 \u00a0 \u00a0 \u00a0 \u00a0 \u00a0 \u00a0 \u00a0 \u00a0 \u00a0 \u00a0 \u00a0 \u00a0 \u00a0 \u00a0 \u00a0 \u00a0 50 EUR<br \/><\/span><span style=\"color: #000000;\">Kordetreening lastele kuni 30 min\u00a0 \u00a0 \u00a0 \u00a0 \u00a0 \u00a0 \u00a0 \u00a0 \u00a0 40 EUR<\/span><\/p>\n<p><span style=\"color: #000000;\"><\/span><\/p>\n<p><span style=\"color: #000000;\"><strong><u>Ratsutamise kuuabonement lastele (lapsed kuni 20 a k.a)<\/u><\/strong><\/span><br \/><span style=\"color: #000000;\">2 korda n\u00e4dalas (8h kuus, ratsastus) 170 EUR<\/span><br \/><span style=\"color: #000000;\">2 korda n\u00e4dalas (8h kuus, 4 ratsastus-\/4 h\u00fcppetrenni) 190 EUR<\/span><br \/><span style=\"color: #000000;\">3 korda n\u00e4dalas (12h kuus) 220 EUR<\/span><br \/><span style=\"color: #000000;\">3 korda n\u00e4dalas (12h kuus, 6 ratsastus-\/6 h\u00fcppetrenni) 270 EUR<\/span><br \/><span style=\"color: #000000;\">4 korda n\u00e4dalas (16h kuus, 8 ratsastus) 230 EUR<\/span><br \/><span style=\"color: #000000;\">4 korda n\u00e4dalas (16h kuus, 8 ratsastus-\/8 h\u00fcppetrenni) 300 EUR<\/span><br \/><span style=\"color: #000000;\">6 korda n\u00e4dalas (24h kuus, 12 ratsastus-\/12 h\u00fcppetrenni) 410 EUR<\/span><br \/><span style=\"color: #000000;\">Kordetrenn 1 kord n\u00e4dalas 160 EUR<\/span><br \/><span style=\"color: #000000;\">Kordetrenn 2 korda n\u00e4dalas (8h kuus) 250 EUR<\/span><\/p>\n\t\t\t\t\t\t\t\t<\/div>\n\t\t\t\t<\/div>\n\t\t\t\t\t<\/div>\n\t\t\t\t<\/div>\n\t\t\t\t<\/div>\n\t\t","protected":false},"excerpt":{"rendered":"<p>REBALA TALLIDE HINNAKIRIKehtib alates 1.08.2024 Treeningu pikkus on \u00fcks akadeemiline tund (45 min) + 15 min hobuse puhastamine, saduldamine ning lisaks s\u00f5iduj\u00e4rgne hobuse hooldus + 15 min.Hobuse saduldamine ja\/v\u00f5i peale trenni lahti saduldamine 15 EUR &hellip; <a title=\"Hinnakiri\" class=\"exalt-read-more\" href=\"https:\/\/rebalatallid.com\/?page_id=8200&#038;lang=et\"><span class=\"screen-reader-text\">Hinnakiri<\/span>Read more<\/a><\/p>\n","protected":false},"author":1,"featured_media":0,"parent":0,"menu_order":0,"comment_status":"closed","ping_status":"closed","template":"","meta":{"footnotes":""},"class_list":["post-8200","page","type-page","status-publish","hentry","exalt-entry"],"_links":{"self":[{"href":"https:\/\/rebalatallid.com\/index.php?rest_route=\/wp\/v2\/pages\/8200"}],"collection":[{"href":"https:\/\/rebalatallid.com\/index.php?rest_route=\/wp\/v2\/pages"}],"about":[{"href":"https:\/\/rebalatallid.com\/index.php?rest_route=\/wp\/v2\/types\/page"}],"author":[{"embeddable":true,"href":"https:\/\/rebalatallid.com\/index.php?rest_route=\/wp\/v2\/users\/1"}],"replies":[{"embeddable":true,"href":"https:\/\/rebalatallid.com\/index.php?rest_route=%2Fwp%2Fv2%2Fcomments&post=8200"}],"version-history":[{"count":44,"href":"https:\/\/rebalatallid.com\/index.php?rest_route=\/wp\/v2\/pages\/8200\/revisions"}],"predecessor-version":[{"id":11110,"href":"https:\/\/rebalatallid.com\/index.php?rest_route=\/wp\/v2\/pages\/8200\/revisions\/11110"}],"wp:attachment":[{"href":"https:\/\/rebalatallid.com\/index.php?rest_route=%2Fwp%2Fv2%2Fmedia&parent=8200"}],"curies":[{"name":"wp","href":"https:\/\/api.w.org\/{rel}","templated":true}]}}